{"id":11,"date":"2024-05-17T12:35:14","date_gmt":"2024-05-17T12:35:14","guid":{"rendered":"https:\/\/local.lovelybranddesign.com\/?page_id=11"},"modified":"2025-10-06T19:21:56","modified_gmt":"2025-10-06T19:21:56","slug":"estudio","status":"publish","type":"page","link":"https:\/\/local.lovelybranddesign.com\/index.php\/estudio\/","title":{"rendered":"Estudio arquitectura sostenible"},"content":{"rendered":"\t\t<div data-elementor-type=\"wp-page\" data-elementor-id=\"11\" class=\"elementor elementor-11\" data-elementor-post-type=\"page\">\n\t\t\t\t<div class=\"elementor-element elementor-element-8f4c1ff e-flex e-con-boxed e-con e-parent\" data-id=\"8f4c1ff\" data-element_type=\"container\" data-settings=\"{&quot;background_background&quot;:&quot;gradient&quot;}\">\n\t\t\t\t\t<div class=\"e-con-inner\">\n\t\t<div class=\"elementor-element elementor-element-b7a5221 e-con-full e-flex e-con e-child\" data-id=\"b7a5221\" data-element_type=\"container\">\n\t\t\t\t<div class=\"elementor-element elementor-element-db904d0 elementor-widget elementor-widget-image\" data-id=\"db904d0\" data-element_type=\"widget\" data-widget_type=\"image.default\">\n\t\t\t\t<div class=\"elementor-widget-container\">\n\t\t\t\t\t\t\t\t\t\t\t\t\t\t\t<img fetchpriority=\"high\" decoding=\"async\" width=\"768\" height=\"1024\" src=\"https:\/\/local.lovelybranddesign.com\/wp-content\/uploads\/2024\/10\/IMG_9122-768x1024.png\" class=\"attachment-large size-large wp-image-1249\" alt=\"\" srcset=\"https:\/\/local.lovelybranddesign.com\/wp-content\/uploads\/2024\/10\/IMG_9122-768x1025.png 768w, https:\/\/local.lovelybranddesign.com\/wp-content\/uploads\/2024\/10\/IMG_9122-225x300.png 225w, https:\/\/local.lovelybranddesign.com\/wp-content\/uploads\/2024\/10\/IMG_9122-1151x1536.png 1151w, https:\/\/local.lovelybranddesign.com\/wp-content\/uploads\/2024\/10\/IMG_9122-1535x2048.png 1535w, https:\/\/local.lovelybranddesign.com\/wp-content\/uploads\/2024\/10\/IMG_9122.png 2048w\" sizes=\"(max-width: 768px) 100vw, 768px\" \/>\t\t\t\t\t\t\t\t\t\t\t\t\t\t\t<\/div>\n\t\t\t\t<\/div>\n\t\t\t\t<div class=\"elementor-element elementor-element-b281057 elementor-invisible elementor-widget elementor-widget-image\" data-id=\"b281057\" data-element_type=\"widget\" data-settings=\"{&quot;_animation&quot;:&quot;fadeInLeft&quot;}\" data-widget_type=\"image.default\">\n\t\t\t\t<div class=\"elementor-widget-container\">\n\t\t\t\t\t\t\t\t\t\t\t\t\t\t\t<img decoding=\"async\" width=\"800\" height=\"800\" src=\"https:\/\/local.lovelybranddesign.com\/wp-content\/uploads\/2024\/05\/logos_Aliana-Alonso-28-1024x1024.png\" class=\"attachment-large size-large wp-image-145\" alt=\"\" srcset=\"https:\/\/local.lovelybranddesign.com\/wp-content\/uploads\/2024\/05\/logos_Aliana-Alonso-28-1024x1024.png 1024w, https:\/\/local.lovelybranddesign.com\/wp-content\/uploads\/2024\/05\/logos_Aliana-Alonso-28-300x300.png 300w, https:\/\/local.lovelybranddesign.com\/wp-content\/uploads\/2024\/05\/logos_Aliana-Alonso-28-150x150.png 150w, https:\/\/local.lovelybranddesign.com\/wp-content\/uploads\/2024\/05\/logos_Aliana-Alonso-28-768x768.png 768w, https:\/\/local.lovelybranddesign.com\/wp-content\/uploads\/2024\/05\/logos_Aliana-Alonso-28-1536x1536.png 1536w, https:\/\/local.lovelybranddesign.com\/wp-content\/uploads\/2024\/05\/logos_Aliana-Alonso-28-2048x2048.png 2048w\" sizes=\"(max-width: 800px) 100vw, 800px\" \/>\t\t\t\t\t\t\t\t\t\t\t\t\t\t\t<\/div>\n\t\t\t\t<\/div>\n\t\t\t\t<div class=\"elementor-element elementor-element-8d54f86 elementor-widget elementor-widget-text-editor\" data-id=\"8d54f86\" data-element_type=\"widget\" data-widget_type=\"text-editor.default\">\n\t\t\t\t<div class=\"elementor-widget-container\">\n\t\t\t\t\t\t\t\t\t<h1>Aliana Alonso<\/h1><h2>Arquitecta regenerativa<\/h2>\t\t\t\t\t\t\t\t<\/div>\n\t\t\t\t<\/div>\n\t\t\t\t<div class=\"elementor-element elementor-element-a1d95d0 elementor-widget elementor-widget-text-editor\" data-id=\"a1d95d0\" data-element_type=\"widget\" data-widget_type=\"text-editor.default\">\n\t\t\t\t<div class=\"elementor-widget-container\">\n\t\t\t\t\t\t\t\t\t<p>Como profesional independiente llevo m\u00e1s de 7 a\u00f1os desarrollando una metodolog\u00eda que tiene como finalidad transformar el modelo socioecon\u00f3mico y territorial actual dirigido a la creaci\u00f3n de modelos saludables y en equilibrio con los Ecosistemas Naturales.<\/p><p>Creo en la responsabilidad de cada uno y, a trav\u00e9s de mi profesi\u00f3n, busco el impacto positivo de todas mis acciones.<\/p><p>Actualmente, colaboro con distintos equipos de profesionales con los que compartimos nuestra inquietud y creamos una visi\u00f3n multidisciplinar consciente.<\/p>\t\t\t\t\t\t\t\t<\/div>\n\t\t\t\t<\/div>\n\t\t\t\t<\/div>\n\t\t<div class=\"elementor-element elementor-element-6400feb e-con-full e-flex e-con e-child\" data-id=\"6400feb\" data-element_type=\"container\">\n\t\t\t\t<div class=\"elementor-element elementor-element-a4c7454 elementor-widget elementor-widget-image\" data-id=\"a4c7454\" data-element_type=\"widget\" data-widget_type=\"image.default\">\n\t\t\t\t<div class=\"elementor-widget-container\">\n\t\t\t\t\t\t\t\t\t\t\t\t\t\t\t<img decoding=\"async\" width=\"683\" height=\"1024\" src=\"https:\/\/local.lovelybranddesign.com\/wp-content\/uploads\/2025\/10\/AlianaAlonso_019-1-683x1024.jpg\" class=\"attachment-large size-large wp-image-1701\" alt=\"\" srcset=\"https:\/\/local.lovelybranddesign.com\/wp-content\/uploads\/2025\/10\/AlianaAlonso_019-1-683x1024.jpg 683w, https:\/\/local.lovelybranddesign.com\/wp-content\/uploads\/2025\/10\/AlianaAlonso_019-1-200x300.jpg 200w, https:\/\/local.lovelybranddesign.com\/wp-content\/uploads\/2025\/10\/AlianaAlonso_019-1-768x1152.jpg 768w, https:\/\/local.lovelybranddesign.com\/wp-content\/uploads\/2025\/10\/AlianaAlonso_019-1.jpg 1024w\" sizes=\"(max-width: 683px) 100vw, 683px\" \/>\t\t\t\t\t\t\t\t\t\t\t\t\t\t\t<\/div>\n\t\t\t\t<\/div>\n\t\t\t\t<\/div>\n\t\t\t\t\t<\/div>\n\t\t\t\t<\/div>\n\t\t<div class=\"elementor-element elementor-element-eb5ff7c e-flex e-con-boxed e-con e-parent\" data-id=\"eb5ff7c\" data-element_type=\"container\" data-settings=\"{&quot;background_background&quot;:&quot;classic&quot;}\">\n\t\t\t\t\t<div class=\"e-con-inner\">\n\t\t<div class=\"elementor-element elementor-element-873f179 e-con-full e-flex e-con e-child\" data-id=\"873f179\" data-element_type=\"container\">\n\t\t\t\t<\/div>\n\t\t<div class=\"elementor-element elementor-element-3f7e7ea e-con-full e-flex e-con e-child\" data-id=\"3f7e7ea\" data-element_type=\"container\">\n\t\t\t\t<div class=\"elementor-element elementor-element-1b7ad6c elementor-widget elementor-widget-text-editor\" data-id=\"1b7ad6c\" data-element_type=\"widget\" data-widget_type=\"text-editor.default\">\n\t\t\t\t<div class=\"elementor-widget-container\">\n\t\t\t\t\t\t\t\t\t<h2 style=\"text-align: center;\">MIS L\u00cdNEAS DE TRABAJO<\/h2>\t\t\t\t\t\t\t\t<\/div>\n\t\t\t\t<\/div>\n\t\t\t\t<div class=\"elementor-element elementor-element-9640f01 elementor-widget-divider--view-line elementor-invisible elementor-widget elementor-widget-divider\" data-id=\"9640f01\" data-element_type=\"widget\" data-settings=\"{&quot;_animation&quot;:&quot;fadeInRight&quot;}\" data-widget_type=\"divider.default\">\n\t\t\t\t<div class=\"elementor-widget-container\">\n\t\t\t\t\t\t\t<div class=\"elementor-divider\">\n\t\t\t<span class=\"elementor-divider-separator\">\n\t\t\t\t\t\t<\/span>\n\t\t<\/div>\n\t\t\t\t\t\t<\/div>\n\t\t\t\t<\/div>\n\t\t\t\t<div class=\"elementor-element elementor-element-4ef9a06 elementor-widget elementor-widget-text-editor\" data-id=\"4ef9a06\" data-element_type=\"widget\" data-widget_type=\"text-editor.default\">\n\t\t\t\t<div class=\"elementor-widget-container\">\n\t\t\t\t\t\t\t\t\t<p style=\"text-align: right;\">La <strong>Arquitectura Sostenible,<\/strong> <strong>Urbanismo Integral Participado<\/strong> y el <strong>Desarrollo Sostenible<\/strong> son las bases de trabajo especializado necesarias para ayudar a TRANSFORMAR nuestro actual MODELO DE DESARROLLO y H\u00c1BITATS hacia <strong>una nueva realidad sostenible, \u00e9tica, inclusiva y justa.<\/strong><\/p>\t\t\t\t\t\t\t\t<\/div>\n\t\t\t\t<\/div>\n\t\t\t\t<\/div>\n\t\t\t\t\t<\/div>\n\t\t\t\t<\/div>\n\t\t<div class=\"elementor-element elementor-element-7209eb9 e-con-full e-flex e-con e-parent\" data-id=\"7209eb9\" data-element_type=\"container\" data-settings=\"{&quot;background_background&quot;:&quot;classic&quot;}\">\n\t\t<div class=\"elementor-element elementor-element-a873f44 e-con-full e-flex e-con e-child\" data-id=\"a873f44\" data-element_type=\"container\">\n\t\t<div class=\"elementor-element elementor-element-1abf9d8 e-con-full e-flex e-con e-child\" data-id=\"1abf9d8\" data-element_type=\"container\">\n\t\t\t\t<div class=\"elementor-element elementor-element-d6b828c elementor-widget elementor-widget-heading\" data-id=\"d6b828c\" data-element_type=\"widget\" data-widget_type=\"heading.default\">\n\t\t\t\t<div class=\"elementor-widget-container\">\n\t\t\t\t\t<h2 class=\"elementor-heading-title elementor-size-default\">territorio ecosist\u00e9mico<\/h2>\t\t\t\t<\/div>\n\t\t\t\t<\/div>\n\t\t<div class=\"elementor-element elementor-element-8aff7e8 e-con-full e-flex e-con e-child\" data-id=\"8aff7e8\" data-element_type=\"container\">\n\t\t\t\t<div class=\"elementor-element elementor-element-dea8f30 elementor-align-left elementor-mobile-align-center elementor-widget elementor-widget-button\" data-id=\"dea8f30\" data-element_type=\"widget\" data-widget_type=\"button.default\">\n\t\t\t\t<div class=\"elementor-widget-container\">\n\t\t\t\t\t\t\t\t\t<div class=\"elementor-button-wrapper\">\n\t\t\t\t\t<a class=\"elementor-button elementor-button-link elementor-size-sm elementor-animation-grow\" href=\"#\">\n\t\t\t\t\t\t<span class=\"elementor-button-content-wrapper\">\n\t\t\t\t\t\t\t\t\t<span class=\"elementor-button-text\">Saber m\u00e1s<\/span>\n\t\t\t\t\t<\/span>\n\t\t\t\t\t<\/a>\n\t\t\t\t<\/div>\n\t\t\t\t\t\t\t\t<\/div>\n\t\t\t\t<\/div>\n\t\t\t\t<\/div>\n\t\t\t\t<\/div>\n\t\t<div class=\"elementor-element elementor-element-7d5eba5 e-con-full e-flex e-con e-child\" data-id=\"7d5eba5\" data-element_type=\"container\" data-settings=\"{&quot;background_background&quot;:&quot;classic&quot;}\">\n\t\t\t\t<\/div>\n\t\t\t\t<\/div>\n\t\t<div class=\"elementor-element elementor-element-6e07359 e-con-full e-flex e-con e-child\" data-id=\"6e07359\" data-element_type=\"container\">\n\t\t<div class=\"elementor-element elementor-element-d4f40f8 e-con-full e-flex e-con e-child\" data-id=\"d4f40f8\" data-element_type=\"container\">\n\t\t\t\t<div class=\"elementor-element elementor-element-842f547 elementor-widget elementor-widget-heading\" data-id=\"842f547\" data-element_type=\"widget\" data-widget_type=\"heading.default\">\n\t\t\t\t<div class=\"elementor-widget-container\">\n\t\t\t\t\t<h2 class=\"elementor-heading-title elementor-size-default\">transformaciones saludables<\/h2>\t\t\t\t<\/div>\n\t\t\t\t<\/div>\n\t\t<div class=\"elementor-element elementor-element-a14fd36 e-con-full e-flex e-con e-child\" data-id=\"a14fd36\" data-element_type=\"container\">\n\t\t\t\t<div class=\"elementor-element elementor-element-6e081f5 elementor-align-left elementor-mobile-align-center elementor-widget elementor-widget-button\" data-id=\"6e081f5\" data-element_type=\"widget\" data-widget_type=\"button.default\">\n\t\t\t\t<div class=\"elementor-widget-container\">\n\t\t\t\t\t\t\t\t\t<div class=\"elementor-button-wrapper\">\n\t\t\t\t\t<a class=\"elementor-button elementor-button-link elementor-size-sm elementor-animation-grow\" href=\"#\">\n\t\t\t\t\t\t<span class=\"elementor-button-content-wrapper\">\n\t\t\t\t\t\t\t\t\t<span class=\"elementor-button-text\">Saber m\u00e1s<\/span>\n\t\t\t\t\t<\/span>\n\t\t\t\t\t<\/a>\n\t\t\t\t<\/div>\n\t\t\t\t\t\t\t\t<\/div>\n\t\t\t\t<\/div>\n\t\t\t\t<\/div>\n\t\t\t\t<\/div>\n\t\t<div class=\"elementor-element elementor-element-a5412cd e-con-full e-flex e-con e-child\" data-id=\"a5412cd\" data-element_type=\"container\" data-settings=\"{&quot;background_background&quot;:&quot;classic&quot;}\">\n\t\t\t\t<\/div>\n\t\t\t\t<\/div>\n\t\t<div class=\"elementor-element elementor-element-98addca e-con-full e-flex e-con e-child\" data-id=\"98addca\" data-element_type=\"container\">\n\t\t<div class=\"elementor-element elementor-element-285f302 e-con-full e-flex e-con e-child\" data-id=\"285f302\" data-element_type=\"container\">\n\t\t\t\t<div class=\"elementor-element elementor-element-2394f92 elementor-widget elementor-widget-heading\" data-id=\"2394f92\" data-element_type=\"widget\" data-widget_type=\"heading.default\">\n\t\t\t\t<div class=\"elementor-widget-container\">\n\t\t\t\t\t<h2 class=\"elementor-heading-title elementor-size-default\">habitat sostenible<\/h2>\t\t\t\t<\/div>\n\t\t\t\t<\/div>\n\t\t<div class=\"elementor-element elementor-element-541638b e-con-full e-flex e-con e-child\" data-id=\"541638b\" data-element_type=\"container\">\n\t\t\t\t<div class=\"elementor-element elementor-element-b81bd79 elementor-align-left elementor-mobile-align-center elementor-widget elementor-widget-button\" data-id=\"b81bd79\" data-element_type=\"widget\" data-widget_type=\"button.default\">\n\t\t\t\t<div class=\"elementor-widget-container\">\n\t\t\t\t\t\t\t\t\t<div class=\"elementor-button-wrapper\">\n\t\t\t\t\t<a class=\"elementor-button elementor-button-link elementor-size-sm elementor-animation-grow\" href=\"#\">\n\t\t\t\t\t\t<span class=\"elementor-button-content-wrapper\">\n\t\t\t\t\t\t\t\t\t<span class=\"elementor-button-text\">Saber m\u00e1s<\/span>\n\t\t\t\t\t<\/span>\n\t\t\t\t\t<\/a>\n\t\t\t\t<\/div>\n\t\t\t\t\t\t\t\t<\/div>\n\t\t\t\t<\/div>\n\t\t\t\t<\/div>\n\t\t\t\t<\/div>\n\t\t<div class=\"elementor-element elementor-element-df30386 e-con-full e-flex e-con e-child\" data-id=\"df30386\" data-element_type=\"container\" data-settings=\"{&quot;background_background&quot;:&quot;classic&quot;}\">\n\t\t\t\t<\/div>\n\t\t\t\t<\/div>\n\t\t<div class=\"elementor-element elementor-element-ff9c013 e-con-full e-flex e-con e-child\" data-id=\"ff9c013\" data-element_type=\"container\">\n\t\t<div class=\"elementor-element elementor-element-723b9aa e-con-full e-flex e-con e-child\" data-id=\"723b9aa\" data-element_type=\"container\">\n\t\t\t\t<div class=\"elementor-element elementor-element-9691d63 elementor-widget elementor-widget-heading\" data-id=\"9691d63\" data-element_type=\"widget\" data-widget_type=\"heading.default\">\n\t\t\t\t<div class=\"elementor-widget-container\">\n\t\t\t\t\t<h2 class=\"elementor-heading-title elementor-size-default\">desarrollo regenerativo<\/h2>\t\t\t\t<\/div>\n\t\t\t\t<\/div>\n\t\t<div class=\"elementor-element elementor-element-f27c042 e-con-full e-flex e-con e-child\" data-id=\"f27c042\" data-element_type=\"container\">\n\t\t\t\t<div class=\"elementor-element elementor-element-ea85851 elementor-align-left elementor-mobile-align-center elementor-widget elementor-widget-button\" data-id=\"ea85851\" data-element_type=\"widget\" data-widget_type=\"button.default\">\n\t\t\t\t<div class=\"elementor-widget-container\">\n\t\t\t\t\t\t\t\t\t<div class=\"elementor-button-wrapper\">\n\t\t\t\t\t<a class=\"elementor-button elementor-button-link elementor-size-sm elementor-animation-grow\" href=\"#\">\n\t\t\t\t\t\t<span class=\"elementor-button-content-wrapper\">\n\t\t\t\t\t\t\t\t\t<span class=\"elementor-button-text\">Saber m\u00e1s<\/span>\n\t\t\t\t\t<\/span>\n\t\t\t\t\t<\/a>\n\t\t\t\t<\/div>\n\t\t\t\t\t\t\t\t<\/div>\n\t\t\t\t<\/div>\n\t\t\t\t<\/div>\n\t\t\t\t<\/div>\n\t\t<div class=\"elementor-element elementor-element-d0407f9 e-con-full e-flex e-con e-child\" data-id=\"d0407f9\" data-element_type=\"container\" data-settings=\"{&quot;background_background&quot;:&quot;classic&quot;}\">\n\t\t\t\t<\/div>\n\t\t\t\t<\/div>\n\t\t\t\t<\/div>\n\t\t<div class=\"elementor-element elementor-element-f5e649a e-flex e-con-boxed e-con e-parent\" data-id=\"f5e649a\" data-element_type=\"container\" data-settings=\"{&quot;background_background&quot;:&quot;classic&quot;}\">\n\t\t\t\t\t<div class=\"e-con-inner\">\n\t\t\t\t<div class=\"elementor-element elementor-element-9698688 elementor-widget elementor-widget-spacer\" data-id=\"9698688\" data-element_type=\"widget\" data-widget_type=\"spacer.default\">\n\t\t\t\t<div class=\"elementor-widget-container\">\n\t\t\t\t\t\t\t<div class=\"elementor-spacer\">\n\t\t\t<div class=\"elementor-spacer-inner\"><\/div>\n\t\t<\/div>\n\t\t\t\t\t\t<\/div>\n\t\t\t\t<\/div>\n\t\t\t\t\t<\/div>\n\t\t\t\t<\/div>\n\t\t<div class=\"elementor-element elementor-element-41092d4 e-con-full e-flex e-con e-parent\" data-id=\"41092d4\" data-element_type=\"container\" data-settings=\"{&quot;background_background&quot;:&quot;classic&quot;}\">\n\t\t\t\t<div class=\"elementor-element elementor-element-58738e0 elementor-widget__width-initial elementor-widget elementor-widget-text-editor\" data-id=\"58738e0\" data-element_type=\"widget\" data-widget_type=\"text-editor.default\">\n\t\t\t\t<div class=\"elementor-widget-container\">\n\t\t\t\t\t\t\t\t\t<h2>MI PROP\u00cdA METODOLOG\u00cdA DE\nDESARROLLO TERRITORIAL SOSTENIBLE<\/h2>\t\t\t\t\t\t\t\t<\/div>\n\t\t\t\t<\/div>\n\t\t\t\t<div class=\"elementor-element elementor-element-a67dbb7 elementor-widget elementor-widget-text-editor\" data-id=\"a67dbb7\" data-element_type=\"widget\" data-widget_type=\"text-editor.default\">\n\t\t\t\t<div class=\"elementor-widget-container\">\n\t\t\t\t\t\t\t\t\t\u201cUN NUEVO MODELO DE DESARROLLO Y PROSPERIDAD\nsostenible es posible, LOCAL Y GLOBAL\u201c\n\t\t\t\t\t\t\t\t<\/div>\n\t\t\t\t<\/div>\n\t\t\t\t<div class=\"elementor-element elementor-element-cd868be elementor-widget elementor-widget-text-editor\" data-id=\"cd868be\" data-element_type=\"widget\" data-widget_type=\"text-editor.default\">\n\t\t\t\t<div class=\"elementor-widget-container\">\n\t\t\t\t\t\t\t\t\t<p style=\"text-align: center;\">Pienso que la Sostenibilidad (social, econ\u00f3mica y medioambiental) es el \u00fanico futuro posible y, por eso, a trav\u00e9s de mi profesi\u00f3n quiero aportar mi granito de arena bajo el entendimiento sobre los l\u00edmites saludables y las necesidades de la Naturaleza.<\/p><p>Creo que es absolutamente viable lograr una econom\u00eda pr\u00f3spera, saludable y \u00e9tica.<\/p>\t\t\t\t\t\t\t\t<\/div>\n\t\t\t\t<\/div>\n\t\t\t\t<div class=\"elementor-element elementor-element-cfbde66 e-transform elementor-invisible elementor-widget elementor-widget-image\" data-id=\"cfbde66\" data-element_type=\"widget\" data-settings=\"{&quot;_animation&quot;:&quot;rollIn&quot;,&quot;_transform_rotateZ_effect&quot;:{&quot;unit&quot;:&quot;px&quot;,&quot;size&quot;:25,&quot;sizes&quot;:[]},&quot;_transform_rotateZ_effect_tablet&quot;:{&quot;unit&quot;:&quot;deg&quot;,&quot;size&quot;:&quot;&quot;,&quot;sizes&quot;:[]},&quot;_transform_rotateZ_effect_mobile&quot;:{&quot;unit&quot;:&quot;deg&quot;,&quot;size&quot;:&quot;&quot;,&quot;sizes&quot;:[]}}\" data-widget_type=\"image.default\">\n\t\t\t\t<div class=\"elementor-widget-container\">\n\t\t\t\t\t\t\t\t\t\t\t\t\t\t\t<img loading=\"lazy\" decoding=\"async\" width=\"81\" height=\"86\" src=\"https:\/\/local.lovelybranddesign.com\/wp-content\/uploads\/2024\/05\/Sello-R-Aliana-2.svg\" class=\"attachment-large size-large wp-image-93\" alt=\"\" \/>\t\t\t\t\t\t\t\t\t\t\t\t\t\t\t<\/div>\n\t\t\t\t<\/div>\n\t\t\t\t<\/div>\n\t\t\t\t<\/div>\n\t\t","protected":false},"excerpt":{"rendered":"<p>Aliana Alonso Arquitecta regenerativa Como profesional independiente llevo m\u00e1s de 7 a\u00f1os desarrollando una metodolog\u00eda que tiene como finalidad transformar el modelo socioecon\u00f3mico y territorial actual dirigido a la creaci\u00f3n de modelos saludables y en equilibrio con los Ecosistemas Naturales. Creo en la responsabilidad de cada uno y, a trav\u00e9s de mi profesi\u00f3n, busco el [&hellip;]<\/p>\n","protected":false},"author":1,"featured_media":0,"parent":0,"menu_order":0,"comment_status":"closed","ping_status":"closed","template":"","meta":{"footnotes":""},"class_list":["post-11","page","type-page","status-publish","hentry"],"_links":{"self":[{"href":"https:\/\/local.lovelybranddesign.com\/index.php\/wp-json\/wp\/v2\/pages\/11","targetHints":{"allow":["GET"]}}],"collection":[{"href":"https:\/\/local.lovelybranddesign.com\/index.php\/wp-json\/wp\/v2\/pages"}],"about":[{"href":"https:\/\/local.lovelybranddesign.com\/index.php\/wp-json\/wp\/v2\/types\/page"}],"author":[{"embeddable":true,"href":"https:\/\/local.lovelybranddesign.com\/index.php\/wp-json\/wp\/v2\/users\/1"}],"replies":[{"embeddable":true,"href":"https:\/\/local.lovelybranddesign.com\/index.php\/wp-json\/wp\/v2\/comments?post=11"}],"version-history":[{"count":139,"href":"https:\/\/local.lovelybranddesign.com\/index.php\/wp-json\/wp\/v2\/pages\/11\/revisions"}],"predecessor-version":[{"id":1801,"href":"https:\/\/local.lovelybranddesign.com\/index.php\/wp-json\/wp\/v2\/pages\/11\/revisions\/1801"}],"wp:attachment":[{"href":"https:\/\/local.lovelybranddesign.com\/index.php\/wp-json\/wp\/v2\/media?parent=11"}],"curies":[{"name":"wp","href":"https:\/\/api.w.org\/{rel}","templated":true}]}}